[INFO] fetching crate freebsd-kpi-13-1 0.1.4...
[INFO] checking freebsd-kpi-13-1-0.1.4 against master#9610dfe5a9a731ced1ea4923ecbd0c57fe367898 for beta-170-4
[INFO] extracting crate freebsd-kpi-13-1 0.1.4 into /workspace/builds/worker-5-tc1/source
[INFO] validating manifest of crates.io crate freebsd-kpi-13-1 0.1.4 on toolchain 9610dfe5a9a731ced1ea4923ecbd0c57fe367898
[INFO] running `Command { std: CARGO_HOME="/workspace/cargo-home" RUSTUP_HOME="/workspace/rustup-home" "/workspace/cargo-home/bin/cargo" "+9610dfe5a9a731ced1ea4923ecbd0c57fe367898" "metadata" "--manifest-path" "Cargo.toml" "--no-deps", kill_on_drop: false }`
[INFO] removed /workspace/builds/worker-5-tc1/source/.cargo/config.toml
[INFO] removed /workspace/builds/worker-5-tc1/source/rust-toolchain.toml
[INFO] started tweaking crates.io crate freebsd-kpi-13-1 0.1.4
[INFO] finished tweaking crates.io crate freebsd-kpi-13-1 0.1.4
[INFO] tweaked toml for crates.io crate freebsd-kpi-13-1 0.1.4 written to /workspace/builds/worker-5-tc1/source/Cargo.toml
[INFO] running `Command { std: CARGO_HOME="/workspace/cargo-home" RUSTUP_HOME="/workspace/rustup-home" __CARGO_TEST_CHANNEL_OVERRIDE_DO_NOT_USE_THIS="nightly" "/workspace/cargo-home/bin/cargo" "+9610dfe5a9a731ced1ea4923ecbd0c57fe367898" "generate-lockfile" "--manifest-path" "Cargo.toml" "-Zno-index-update", kill_on_drop: false }`
[INFO] running `Command { std: CARGO_HOME="/workspace/cargo-home" RUSTUP_HOME="/workspace/rustup-home" "/workspace/cargo-home/bin/cargo" "+9610dfe5a9a731ced1ea4923ecbd0c57fe367898" "fetch" "--manifest-path" "Cargo.toml", kill_on_drop: false }`
[INFO] [stderr]  Downloading crates ...
[INFO] [stderr]   Downloaded bitfield v0.14.0
[INFO] running `Command { std: "docker" "create" "-v" "/var/lib/crater-agent-workspace/builds/worker-5-tc1/target:/opt/rustwide/target:rw,Z" "-v" "/var/lib/crater-agent-workspace/builds/worker-5-tc1/source:/opt/rustwide/workdir:ro,Z" "-v" "/var/lib/crater-agent-workspace/cargo-home:/opt/rustwide/cargo-home:ro,Z" "-v" "/var/lib/crater-agent-workspace/rustup-home:/opt/rustwide/rustup-home:ro,Z" "-e" "SOURCE_DIR=/opt/rustwide/workdir" "-e" "CARGO_TARGET_DIR=/opt/rustwide/target" "-e" "CARGO_HOME=/opt/rustwide/cargo-home" "-e" "RUSTUP_HOME=/opt/rustwide/rustup-home" "-w" "/opt/rustwide/workdir" "-m" "1610612736" "--user" "0:0" "--network" "none" "ghcr.io/rust-lang/crates-build-env/linux@sha256:19e73879b68f455e41552ea35293514db52ea292d993f571636dbffedb77a1ee" "/opt/rustwide/cargo-home/bin/cargo" "+9610dfe5a9a731ced1ea4923ecbd0c57fe367898" "metadata" "--no-deps" "--format-version=1", kill_on_drop: false }`
[INFO] [stdout] f24600a2efdb58ce269606e7a2818b09a0262b8ab826f113abac2140d335ec14
[INFO] running `Command { std: "docker" "start" "-a" "f24600a2efdb58ce269606e7a2818b09a0262b8ab826f113abac2140d335ec14", kill_on_drop: false }`
[INFO] running `Command { std: "docker" "inspect" "f24600a2efdb58ce269606e7a2818b09a0262b8ab826f113abac2140d335ec14", kill_on_drop: false }`
[INFO] running `Command { std: "docker" "rm" "-f" "f24600a2efdb58ce269606e7a2818b09a0262b8ab826f113abac2140d335ec14", kill_on_drop: false }`
[INFO] [stdout] f24600a2efdb58ce269606e7a2818b09a0262b8ab826f113abac2140d335ec14
[INFO] running `Command { std: "docker" "create" "-v" "/var/lib/crater-agent-workspace/builds/worker-5-tc1/target:/opt/rustwide/target:rw,Z" "-v" "/var/lib/crater-agent-workspace/builds/worker-5-tc1/source:/opt/rustwide/workdir:ro,Z" "-v" "/var/lib/crater-agent-workspace/cargo-home:/opt/rustwide/cargo-home:ro,Z" "-v" "/var/lib/crater-agent-workspace/rustup-home:/opt/rustwide/rustup-home:ro,Z" "-e" "SOURCE_DIR=/opt/rustwide/workdir" "-e" "CARGO_TARGET_DIR=/opt/rustwide/target" "-e" "CARGO_INCREMENTAL=0" "-e" "RUST_BACKTRACE=full" "-e" "RUSTFLAGS=--cap-lints=forbid" "-e" "RUSTDOCFLAGS=--cap-lints=forbid" "-e" "CARGO_HOME=/opt/rustwide/cargo-home" "-e" "RUSTUP_HOME=/opt/rustwide/rustup-home" "-w" "/opt/rustwide/workdir" "-m" "1610612736" "--user" "0:0" "--network" "none" "ghcr.io/rust-lang/crates-build-env/linux@sha256:19e73879b68f455e41552ea35293514db52ea292d993f571636dbffedb77a1ee" "/opt/rustwide/cargo-home/bin/cargo" "+9610dfe5a9a731ced1ea4923ecbd0c57fe367898" "check" "--frozen" "--all" "--all-targets" "--message-format=json", kill_on_drop: false }`
[INFO] [stdout] 3130cf632ab5b050fbd0339dfb0ee45384c76b90aa7a96012419f7d7752ccc61
[INFO] running `Command { std: "docker" "start" "-a" "3130cf632ab5b050fbd0339dfb0ee45384c76b90aa7a96012419f7d7752ccc61", kill_on_drop: false }`
[INFO] [stderr]    Compiling serde v1.0.163
[INFO] [stderr]    Compiling memoffset v0.6.5
[INFO] [stderr]    Compiling paste v1.0.12
[INFO] [stderr]     Checking bitfield v0.14.0
[INFO] [stderr]    Compiling toml v0.5.11
[INFO] [stderr]    Compiling freebsd-kpi-13-1 v0.1.4 (/opt/rustwide/workdir)
[INFO] [stdout] warning: unused imports: `iter::Peekable`, `str::Chars`
[INFO] [stdout]  --> build.rs:3:34
[INFO] [stdout]   |
[INFO] [stdout] 3 | use std::{path::{Path, PathBuf}, str::Chars, iter::Peekable, env, fs::{OpenOptions, File}, io::{BufReader, BufRead}, collections::HashSet};
[INFO] [stdout]   |                                  ^^^^^^^^^^  ^^^^^^^^^^^^^^
[INFO] [stdout]   |
[INFO] [stdout]   = note: `#[warn(unused_imports)]` on by default
[INFO] [stdout] 
[INFO] [stdout] 
[INFO] [stdout] warning: 1 warning emitted
[INFO] [stdout] 
[INFO] [stdout] 
[INFO] [stderr] warning: Building with manually provided crate flags: CARGO_FEATURE_CTASSERT CARGO_FEATURE_DEFAULT CARGO_FEATURE_DEFAULT_KERNEL CARGO_FEATURE_DEVICE_POLLING CARGO_FEATURE_INET CARGO_FEATURE_INET6 CARGO_FEATURE_KDTRACE_HOOKS CARGO_FEATURE_KERNEL CARGO_FEATURE_MAC CARGO_FEATURE_MALLOC_DECLARE CARGO_FEATURE_RACCT CARGO_FEATURE_SDT_PROVIDER_DECLARE CARGO_FEATURE_SFBUF CARGO_FEATURE_SMP CARGO_FEATURE_SYSCTL_DECL CARGO_FEATURE_VIMAGE CARGO_FEATURE__KERNEL CARGO_FEATURE__RLIMIT_IDENT CARGO_FEATURE__WANT_FILE CARGO_FEATURE__WANT_PRISON CARGO_FEATURE___CHAR_UNSIGNED__ CARGO_FEATURE___ELF_WORD_SIZE_64
[INFO] [stdout] error[E0791]: invalid type for variable with `#[linkage]` attribute
[INFO] [stdout]   --> src/sys/linker_set.rs:33:17
[INFO] [stdout]    |
[INFO] [stdout] 33 |                 pub static mut [<__start_set_ $set>]: $ptype;
[INFO] [stdout]    |                 ^^^^^^^^^^^^^^^^^^^^^^^^^^^^^^^^^^^^^^^^^^^^^
[INFO] [stdout]    |
[INFO] [stdout]   ::: src/cam/cam_xpt_internal.rs:53:1
[INFO] [stdout]    |
[INFO] [stdout] 53 | SET_DECLARE!(cam_xpt_xport_set, xpt_xport);
[INFO] [stdout]    | ------------------------------------------ in this macro invocation
[INFO] [stdout]    |
[INFO] [stdout]    = note: this error originates in the macro `SET_DECLARE` (in Nightly builds, run with -Z macro-backtrace for more info)
[INFO] [stdout] 
[INFO] [stdout] 
[INFO] [stdout] error[E0791]: invalid type for variable with `#[linkage]` attribute
[INFO] [stdout]   --> src/sys/linker_set.rs:37:17
[INFO] [stdout]    |
[INFO] [stdout] 37 |                 pub static mut [<__stop_set_ $set>]: $ptype;
[INFO] [stdout]    |                 ^^^^^^^^^^^^^^^^^^^^^^^^^^^^^^^^^^^^^^^^^^^^
[INFO] [stdout]    |
[INFO] [stdout]   ::: src/cam/cam_xpt_internal.rs:53:1
[INFO] [stdout]    |
[INFO] [stdout] 53 | SET_DECLARE!(cam_xpt_xport_set, xpt_xport);
[INFO] [stdout]    | ------------------------------------------ in this macro invocation
[INFO] [stdout]    |
[INFO] [stdout]    = note: this error originates in the macro `SET_DECLARE` (in Nightly builds, run with -Z macro-backtrace for more info)
[INFO] [stdout] 
[INFO] [stdout] 
[INFO] [stdout] error[E0791]: invalid type for variable with `#[linkage]` attribute
[INFO] [stdout]   --> src/sys/linker_set.rs:33:17
[INFO] [stdout]    |
[INFO] [stdout] 33 |                 pub static mut [<__start_set_ $set>]: $ptype;
[INFO] [stdout]    |                 ^^^^^^^^^^^^^^^^^^^^^^^^^^^^^^^^^^^^^^^^^^^^^
[INFO] [stdout]    |
[INFO] [stdout]   ::: src/cam/cam_xpt_internal.rs:86:1
[INFO] [stdout]    |
[INFO] [stdout] 86 | SET_DECLARE!(cam_xpt_proto_set, xpt_proto);
[INFO] [stdout]    | ------------------------------------------ in this macro invocation
[INFO] [stdout]    |
[INFO] [stdout]    = note: this error originates in the macro `SET_DECLARE` (in Nightly builds, run with -Z macro-backtrace for more info)
[INFO] [stdout] 
[INFO] [stdout] 
[INFO] [stdout] error[E0791]: invalid type for variable with `#[linkage]` attribute
[INFO] [stdout]   --> src/sys/linker_set.rs:37:17
[INFO] [stdout]    |
[INFO] [stdout] 37 |                 pub static mut [<__stop_set_ $set>]: $ptype;
[INFO] [stdout]    |                 ^^^^^^^^^^^^^^^^^^^^^^^^^^^^^^^^^^^^^^^^^^^^
[INFO] [stdout]    |
[INFO] [stdout]   ::: src/cam/cam_xpt_internal.rs:86:1
[INFO] [stdout]    |
[INFO] [stdout] 86 | SET_DECLARE!(cam_xpt_proto_set, xpt_proto);
[INFO] [stdout]    | ------------------------------------------ in this macro invocation
[INFO] [stdout]    |
[INFO] [stdout]    = note: this error originates in the macro `SET_DECLARE` (in Nightly builds, run with -Z macro-backtrace for more info)
[INFO] [stdout] 
[INFO] [stdout] 
[INFO] [stdout] error[E0791]: invalid type for variable with `#[linkage]` attribute
[INFO] [stdout]   --> src/sys/linker_set.rs:33:17
[INFO] [stdout]    |
[INFO] [stdout] 33 |                 pub static mut [<__start_set_ $set>]: $ptype;
[INFO] [stdout]    |                 ^^^^^^^^^^^^^^^^^^^^^^^^^^^^^^^^^^^^^^^^^^^^^
[INFO] [stdout]    |
[INFO] [stdout]   ::: src/cam/cam_xpt_internal.rs:53:1
[INFO] [stdout]    |
[INFO] [stdout] 53 | SET_DECLARE!(cam_xpt_xport_set, xpt_xport);
[INFO] [stdout]    | ------------------------------------------ in this macro invocation
[INFO] [stdout]    |
[INFO] [stdout]    = note: this error originates in the macro `SET_DECLARE` (in Nightly builds, run with -Z macro-backtrace for more info)
[INFO] [stdout] 
[INFO] [stdout] 
[INFO] [stdout] error[E0791]: invalid type for variable with `#[linkage]` attribute
[INFO] [stdout]   --> src/sys/linker_set.rs:37:17
[INFO] [stdout]    |
[INFO] [stdout] 37 |                 pub static mut [<__stop_set_ $set>]: $ptype;
[INFO] [stdout]    |                 ^^^^^^^^^^^^^^^^^^^^^^^^^^^^^^^^^^^^^^^^^^^^
[INFO] [stdout]    |
[INFO] [stdout]   ::: src/cam/cam_xpt_internal.rs:53:1
[INFO] [stdout]    |
[INFO] [stdout] 53 | SET_DECLARE!(cam_xpt_xport_set, xpt_xport);
[INFO] [stdout]    | ------------------------------------------ in this macro invocation
[INFO] [stdout]    |
[INFO] [stdout]    = note: this error originates in the macro `SET_DECLARE` (in Nightly builds, run with -Z macro-backtrace for more info)
[INFO] [stdout] 
[INFO] [stdout] 
[INFO] [stdout] error[E0791]: invalid type for variable with `#[linkage]` attribute
[INFO] [stdout]   --> src/sys/linker_set.rs:33:17
[INFO] [stdout]    |
[INFO] [stdout] 33 |                 pub static mut [<__start_set_ $set>]: $ptype;
[INFO] [stdout]    |                 ^^^^^^^^^^^^^^^^^^^^^^^^^^^^^^^^^^^^^^^^^^^^^
[INFO] [stdout]    |
[INFO] [stdout]   ::: src/cam/cam_xpt_internal.rs:86:1
[INFO] [stdout]    |
[INFO] [stdout] 86 | SET_DECLARE!(cam_xpt_proto_set, xpt_proto);
[INFO] [stdout]    | ------------------------------------------ in this macro invocation
[INFO] [stdout]    |
[INFO] [stdout]    = note: this error originates in the macro `SET_DECLARE` (in Nightly builds, run with -Z macro-backtrace for more info)
[INFO] [stdout] 
[INFO] [stdout] 
[INFO] [stdout] error[E0791]: invalid type for variable with `#[linkage]` attribute
[INFO] [stdout]   --> src/sys/linker_set.rs:37:17
[INFO] [stdout]    |
[INFO] [stdout] 37 |                 pub static mut [<__stop_set_ $set>]: $ptype;
[INFO] [stdout]    |                 ^^^^^^^^^^^^^^^^^^^^^^^^^^^^^^^^^^^^^^^^^^^^
[INFO] [stdout]    |
[INFO] [stdout]   ::: src/cam/cam_xpt_internal.rs:86:1
[INFO] [stdout]    |
[INFO] [stdout] 86 | SET_DECLARE!(cam_xpt_proto_set, xpt_proto);
[INFO] [stdout]    | ------------------------------------------ in this macro invocation
[INFO] [stdout]    |
[INFO] [stdout]    = note: this error originates in the macro `SET_DECLARE` (in Nightly builds, run with -Z macro-backtrace for more info)
[INFO] [stdout] 
[INFO] [stdout] 
[INFO] [stdout] error: aborting due to 4 previous errors
[INFO] [stdout] 
[INFO] [stdout] 
[INFO] [stdout] For more information about this error, try `rustc --explain E0791`.
[INFO] [stdout] 
[INFO] [stderr] The following warnings were emitted during compilation:
[INFO] [stderr] 
[INFO] [stderr] warning: Building with manually provided crate flags: CARGO_FEATURE_CTASSERT CARGO_FEATURE_DEFAULT CARGO_FEATURE_DEFAULT_KERNEL CARGO_FEATURE_DEVICE_POLLING CARGO_FEATURE_INET CARGO_FEATURE_INET6 CARGO_FEATURE_KDTRACE_HOOKS CARGO_FEATURE_KERNEL CARGO_FEATURE_MAC CARGO_FEATURE_MALLOC_DECLARE CARGO_FEATURE_RACCT CARGO_FEATURE_SDT_PROVIDER_DECLARE CARGO_FEATURE_SFBUF CARGO_FEATURE_SMP CARGO_FEATURE_SYSCTL_DECL CARGO_FEATURE_VIMAGE CARGO_FEATURE__KERNEL CARGO_FEATURE__RLIMIT_IDENT CARGO_FEATURE__WANT_FILE CARGO_FEATURE__WANT_PRISON CARGO_FEATURE___CHAR_UNSIGNED__ CARGO_FEATURE___ELF_WORD_SIZE_64
[INFO] [stderr] 
[INFO] [stderr] error: could not compile `freebsd-kpi-13-1` (lib test) due to 5 previous errors
[INFO] [stderr] warning: build failed, waiting for other jobs to finish...
[INFO] [stdout] error: aborting due to 4 previous errors
[INFO] [stdout] 
[INFO] [stdout] 
[INFO] [stdout] For more information about this error, try `rustc --explain E0791`.
[INFO] [stdout] 
[INFO] [stderr] The following warnings were emitted during compilation:
[INFO] [stderr] 
[INFO] [stderr] warning: Building with manually provided crate flags: CARGO_FEATURE_CTASSERT CARGO_FEATURE_DEFAULT CARGO_FEATURE_DEFAULT_KERNEL CARGO_FEATURE_DEVICE_POLLING CARGO_FEATURE_INET CARGO_FEATURE_INET6 CARGO_FEATURE_KDTRACE_HOOKS CARGO_FEATURE_KERNEL CARGO_FEATURE_MAC CARGO_FEATURE_MALLOC_DECLARE CARGO_FEATURE_RACCT CARGO_FEATURE_SDT_PROVIDER_DECLARE CARGO_FEATURE_SFBUF CARGO_FEATURE_SMP CARGO_FEATURE_SYSCTL_DECL CARGO_FEATURE_VIMAGE CARGO_FEATURE__KERNEL CARGO_FEATURE__RLIMIT_IDENT CARGO_FEATURE__WANT_FILE CARGO_FEATURE__WANT_PRISON CARGO_FEATURE___CHAR_UNSIGNED__ CARGO_FEATURE___ELF_WORD_SIZE_64
[INFO] [stderr] 
[INFO] [stderr] error: could not compile `freebsd-kpi-13-1` (lib) due to 5 previous errors
[INFO] running `Command { std: "docker" "inspect" "3130cf632ab5b050fbd0339dfb0ee45384c76b90aa7a96012419f7d7752ccc61", kill_on_drop: false }`
[INFO] running `Command { std: "docker" "rm" "-f" "3130cf632ab5b050fbd0339dfb0ee45384c76b90aa7a96012419f7d7752ccc61", kill_on_drop: false }`
[INFO] [stdout] 3130cf632ab5b050fbd0339dfb0ee45384c76b90aa7a96012419f7d7752ccc61
